{"id":431,"date":"2021-03-24T07:01:05","date_gmt":"2021-03-24T07:01:05","guid":{"rendered":"https:\/\/camille.pixandhue.com\/?page_id=431"},"modified":"2025-03-18T11:41:42","modified_gmt":"2025-03-18T10:41:42","slug":"elementor-about","status":"publish","type":"page","link":"https:\/\/ann-lmt.com\/?page_id=431","title":{"rendered":"A propos"},"content":{"rendered":"\t\t<div data-elementor-type=\"wp-page\" data-elementor-id=\"431\" class=\"elementor elementor-431\" data-elementor-post-type=\"page\">\n\t\t\t\t<div class=\"elementor-element elementor-element-0a8acc7 e-flex e-con-boxed e-con e-parent\" data-id=\"0a8acc7\" data-element_type=\"container\" data-e-type=\"container\" data-settings=\"{&quot;background_background&quot;:&quot;classic&quot;}\">\n\t\t\t\t\t<div class=\"e-con-inner\">\n\t\t<div class=\"elementor-element elementor-element-8d548ba e-con-full e-flex e-con e-child\" data-id=\"8d548ba\" data-element_type=\"container\" data-e-type=\"container\">\n\t\t\t\t<div class=\"elementor-element elementor-element-83d1f6c camille-no-bottom camille-no-bottom-p camille-standard-subheading elementor-widget elementor-widget-text-editor\" data-id=\"83d1f6c\" data-element_type=\"widget\" data-e-type=\"widget\" data-widget_type=\"text-editor.default\">\n\t\t\t\t<div class=\"elementor-widget-container\">\n\t\t\t\t\t\t\t\t\t<p>A propos<\/p>\t\t\t\t\t\t\t\t<\/div>\n\t\t\t\t<\/div>\n\t\t<div class=\"elementor-element elementor-element-d58ab7f e-con-full e-flex e-con e-child\" data-id=\"d58ab7f\" data-element_type=\"container\" data-e-type=\"container\">\n\t\t\t\t<div class=\"elementor-element elementor-element-46acb40 camille-standard-title camille-no-bottom elementor-widget elementor-widget-heading\" data-id=\"46acb40\" data-element_type=\"widget\" data-e-type=\"widget\" data-widget_type=\"heading.default\">\n\t\t\t\t<div class=\"elementor-widget-container\">\n\t\t\t\t\t<h2 class=\"elementor-heading-title elementor-size-default\">Quelques mots sur moi...<\/h2>\t\t\t\t<\/div>\n\t\t\t\t<\/div>\n\t\t\t\t<\/div>\n\t\t<div class=\"elementor-element elementor-element-fb3aa8f e-con-full e-flex e-con e-child\" data-id=\"fb3aa8f\" data-element_type=\"container\" data-e-type=\"container\">\n\t\t\t\t<div class=\"elementor-element elementor-element-c90d8f0 camille-no-bottom camille-no-bottom-p elementor-widget elementor-widget-text-editor\" data-id=\"c90d8f0\" data-element_type=\"widget\" data-e-type=\"widget\" data-widget_type=\"text-editor.default\">\n\t\t\t\t<div class=\"elementor-widget-container\">\n\t\t\t\t\t\t\t\t\t<p>Apr\u00e8s des \u00e9tudes de lettres, une agr\u00e9gation et un second cycle universitaire en sciences du travail, je dois bien avouer que je n\u2019avais aucune id\u00e9e de ce que je voulais faire de ma vie. Cependant, assez rapidement, et un peu par hasard, mes candidatures spontan\u00e9es m\u2019ont conduites \u00e0 d\u00e9crocher un poste en RH dans le secteur bancaire. Deux ans plus tard, j\u2019ai rejoint la fonction publique f\u00e9d\u00e9rale.<\/p><p>Ainsi depuis 2003, je navigue dans l\u2019univers des ressources humaines. Au fil des ann\u00e9es, j\u2019ai eu l\u2019occasion de toucher \u00e0 tous les aspects d\u2019un service RH : des t\u00e2ches les plus administratives et r\u00e9p\u00e9titives \u00e0 la gestion d\u2019un service en pleine p\u00e9riode de crise en passant par la gestion de projet de changement de culture de travail.<\/p>\t\t\t\t\t\t\t\t<\/div>\n\t\t\t\t<\/div>\n\t\t\t\t<div class=\"elementor-element elementor-element-651257e elementor-widget elementor-widget-spacer\" data-id=\"651257e\" data-element_type=\"widget\" data-e-type=\"widget\" data-widget_type=\"spacer.default\">\n\t\t\t\t<div class=\"elementor-widget-container\">\n\t\t\t\t\t\t\t<div class=\"elementor-spacer\">\n\t\t\t<div class=\"elementor-spacer-inner\"><\/div>\n\t\t<\/div>\n\t\t\t\t\t\t<\/div>\n\t\t\t\t<\/div>\n\t\t\t\t<\/div>\n\t\t\t\t<\/div>\n\t\t\t\t\t<\/div>\n\t\t\t\t<\/div>\n\t\t<div class=\"elementor-element elementor-element-0871aab e-flex e-con-boxed e-con e-parent\" data-id=\"0871aab\" data-element_type=\"container\" data-e-type=\"container\" data-settings=\"{&quot;background_background&quot;:&quot;classic&quot;}\">\n\t\t\t\t\t<div class=\"e-con-inner\">\n\t\t<div class=\"elementor-element elementor-element-a293eb3 e-con-full e-flex e-con e-child\" data-id=\"a293eb3\" data-element_type=\"container\" data-e-type=\"container\" data-settings=\"{&quot;background_background&quot;:&quot;gradient&quot;}\">\n\t\t\t\t<div class=\"elementor-element elementor-element-01d71b3 camille-no-bottom camille-feature-front-image elementor-widget elementor-widget-image\" data-id=\"01d71b3\" data-element_type=\"widget\" data-e-type=\"widget\" data-widget_type=\"image.default\">\n\t\t\t\t<div class=\"elementor-widget-container\">\n\t\t\t\t\t\t\t\t\t\t\t\t\t\t\t<img fetchpriority=\"high\" decoding=\"async\" width=\"768\" height=\"841\" src=\"https:\/\/ann-lmt.com\/wp-content\/uploads\/2024\/11\/elias-morr-roLaLGTvLE8-unsplash-1-768x841.jpg\" class=\"attachment-medium_large size-medium_large wp-image-3794\" alt=\"\" srcset=\"https:\/\/ann-lmt.com\/wp-content\/uploads\/2024\/11\/elias-morr-roLaLGTvLE8-unsplash-1-768x841.jpg 768w, https:\/\/ann-lmt.com\/wp-content\/uploads\/2024\/11\/elias-morr-roLaLGTvLE8-unsplash-1-274x300.jpg 274w, https:\/\/ann-lmt.com\/wp-content\/uploads\/2024\/11\/elias-morr-roLaLGTvLE8-unsplash-1-935x1024.jpg 935w, https:\/\/ann-lmt.com\/wp-content\/uploads\/2024\/11\/elias-morr-roLaLGTvLE8-unsplash-1-1402x1536.jpg 1402w, https:\/\/ann-lmt.com\/wp-content\/uploads\/2024\/11\/elias-morr-roLaLGTvLE8-unsplash-1-1869x2048.jpg 1869w, https:\/\/ann-lmt.com\/wp-content\/uploads\/2024\/11\/elias-morr-roLaLGTvLE8-unsplash-1-1200x1315.jpg 1200w\" sizes=\"(max-width: 768px) 100vw, 768px\" \/>\t\t\t\t\t\t\t\t\t\t\t\t\t\t\t<\/div>\n\t\t\t\t<\/div>\n\t\t\t\t<\/div>\n\t\t<div class=\"elementor-element elementor-element-f94c5d7 e-con-full e-flex e-con e-child\" data-id=\"f94c5d7\" data-element_type=\"container\" data-e-type=\"container\">\n\t\t\t\t<div class=\"elementor-element elementor-element-0e54fd9 elementor-widget elementor-widget-heading\" data-id=\"0e54fd9\" data-element_type=\"widget\" data-e-type=\"widget\" data-widget_type=\"heading.default\">\n\t\t\t\t<div class=\"elementor-widget-container\">\n\t\t\t\t\t<h2 class=\"elementor-heading-title elementor-size-default\">En ce qui concerne le change management<\/h2>\t\t\t\t<\/div>\n\t\t\t\t<\/div>\n\t\t\t\t<div class=\"elementor-element elementor-element-4dfff22 elementor-widget elementor-widget-text-editor\" data-id=\"4dfff22\" data-element_type=\"widget\" data-e-type=\"widget\" data-widget_type=\"text-editor.default\">\n\t\t\t\t<div class=\"elementor-widget-container\">\n\t\t\t\t\t\t\t\t\t<p>Ma premi\u00e8re immersion dans le <i>change management &#8211; <\/i>il a 10 ans<i> &#8211; <\/i>\u00a0\u00e9tait un projet de transformation de culture de travail (le fameux NWOW, l&rsquo;arr\u00eat du pointage, les bureaux partag\u00e9s, le t\u00e9l\u00e9travail \u00a0etc. Vous connaissez?) Ce fut une exp\u00e9rience challengeante et j&rsquo;ai \u00e9t\u00e9 fascin\u00e9e par ce que l&rsquo;on peut cr\u00e9er et obtenir comme changement si on a la bonne attitude et les bons outils.\u00a0<\/p><p>J&rsquo;ai pu tr\u00e8s vite confirmer mon intuition que les fl\u00e8ches sur un Powerpoint ou les fiches de processus, qui ont l&rsquo;air de tout r\u00e9gler sur le papier, sont loin de suffire \u00e0 cr\u00e9er du changement. Le changement, ce sont des allers-retours, des exp\u00e9rimentations, des espaces de paroles, mais aussi une strat\u00e9gie claire, des objectifs, une prise en compte du contexte et des diff\u00e9rents syst\u00e8mes impliqu\u00e9s.<\/p><p>On peut pr\u00e9voir un processus de changement, mais le facteur humain \u00e9tant complexe, on ne peut l&rsquo;envisager comme une m\u00e9canique.\u00a0<\/p><p>Je vous accompagne dans cette r\u00e9alit\u00e9, en mettant l\u2019humain \u2013 ses peurs, ses espoirs, et sa capacit\u00e9 \u00e0 \u00e9voluer \u2013 au c\u0153ur du processus.<\/p>\t\t\t\t\t\t\t\t<\/div>\n\t\t\t\t<\/div>\n\t\t\t\t<\/div>\n\t\t\t\t\t<\/div>\n\t\t\t\t<\/div>\n\t\t<div class=\"elementor-element elementor-element-45d9f81 e-flex e-con-boxed e-con e-parent\" data-id=\"45d9f81\" data-element_type=\"container\" data-e-type=\"container\" data-settings=\"{&quot;background_background&quot;:&quot;classic&quot;}\">\n\t\t\t\t\t<div class=\"e-con-inner\">\n\t\t<div class=\"elementor-element elementor-element-e6e63d5 e-con-full e-flex e-con e-child\" data-id=\"e6e63d5\" data-element_type=\"container\" data-e-type=\"container\">\n\t\t\t\t<div class=\"elementor-element elementor-element-cabf0d2 elementor-icon-list--layout-traditional elementor-list-item-link-full_width elementor-widget elementor-widget-icon-list\" data-id=\"cabf0d2\" data-element_type=\"widget\" data-e-type=\"widget\" data-widget_type=\"icon-list.default\">\n\t\t\t\t<div class=\"elementor-widget-container\">\n\t\t\t\t\t\t\t<ul class=\"elementor-icon-list-items\">\n\t\t\t\t\t\t\t<li class=\"elementor-icon-list-item\">\n\t\t\t\t\t\t\t\t\t\t\t<span class=\"elementor-icon-list-icon\">\n\t\t\t\t\t\t\t<svg aria-hidden=\"true\" class=\"e-font-icon-svg e-fas-check\" viewBox=\"0 0 512 512\" xmlns=\"http:\/\/www.w3.org\/2000\/svg\"><path d=\"M173.898 439.404l-166.4-166.4c-9.997-9.997-9.997-26.206 0-36.204l36.203-36.204c9.997-9.998 26.207-9.998 36.204 0L192 312.69 432.095 72.596c9.997-9.997 26.207-9.997 36.204 0l36.203 36.204c9.997 9.997 9.997 26.206 0 36.204l-294.4 294.401c-9.998 9.997-26.207 9.997-36.204-.001z\"><\/path><\/svg>\t\t\t\t\t\t<\/span>\n\t\t\t\t\t\t\t\t\t\t<span class=\"elementor-icon-list-text\">Praticienne du changement certifi\u00e9e Prosci - Prosci Europe (2025)<\/span>\n\t\t\t\t\t\t\t\t\t<\/li>\n\t\t\t\t\t\t\t\t<li class=\"elementor-icon-list-item\">\n\t\t\t\t\t\t\t\t\t\t\t<span class=\"elementor-icon-list-icon\">\n\t\t\t\t\t\t\t<svg aria-hidden=\"true\" class=\"e-font-icon-svg e-fas-check\" viewBox=\"0 0 512 512\" xmlns=\"http:\/\/www.w3.org\/2000\/svg\"><path d=\"M173.898 439.404l-166.4-166.4c-9.997-9.997-9.997-26.206 0-36.204l36.203-36.204c9.997-9.998 26.207-9.998 36.204 0L192 312.69 432.095 72.596c9.997-9.997 26.207-9.997 36.204 0l36.203 36.204c9.997 9.997 9.997 26.206 0 36.204l-294.4 294.401c-9.998 9.997-26.207 9.997-36.204-.001z\"><\/path><\/svg>\t\t\t\t\t\t<\/span>\n\t\t\t\t\t\t\t\t\t\t<span class=\"elementor-icon-list-text\">Coach membre de l'ICF - Training &amp; Coaching Square (ROOT+GROW) formations certifi\u00e9es par l'ICF (2017-2019)<\/span>\n\t\t\t\t\t\t\t\t\t<\/li>\n\t\t\t\t\t\t\t\t<li class=\"elementor-icon-list-item\">\n\t\t\t\t\t\t\t\t\t\t\t<span class=\"elementor-icon-list-icon\">\n\t\t\t\t\t\t\t<svg aria-hidden=\"true\" class=\"e-font-icon-svg e-fas-check\" viewBox=\"0 0 512 512\" xmlns=\"http:\/\/www.w3.org\/2000\/svg\"><path d=\"M173.898 439.404l-166.4-166.4c-9.997-9.997-9.997-26.206 0-36.204l36.203-36.204c9.997-9.998 26.207-9.998 36.204 0L192 312.69 432.095 72.596c9.997-9.997 26.207-9.997 36.204 0l36.203 36.204c9.997 9.997 9.997 26.206 0 36.204l-294.4 294.401c-9.998 9.997-26.207 9.997-36.204-.001z\"><\/path><\/svg>\t\t\t\t\t\t<\/span>\n\t\t\t\t\t\t\t\t\t\t<span class=\"elementor-icon-list-text\">Praticienne en Programmation Neuro-Linguistique Syst\u00e9mique et G\u00e9n\u00e9rative - Spiral Academy (affili\u00e9 NLPU) - (2019-2020)<\/span>\n\t\t\t\t\t\t\t\t\t<\/li>\n\t\t\t\t\t\t\t\t<li class=\"elementor-icon-list-item\">\n\t\t\t\t\t\t\t\t\t\t\t<span class=\"elementor-icon-list-icon\">\n\t\t\t\t\t\t\t<svg aria-hidden=\"true\" class=\"e-font-icon-svg e-fas-check\" viewBox=\"0 0 512 512\" xmlns=\"http:\/\/www.w3.org\/2000\/svg\"><path d=\"M173.898 439.404l-166.4-166.4c-9.997-9.997-9.997-26.206 0-36.204l36.203-36.204c9.997-9.998 26.207-9.998 36.204 0L192 312.69 432.095 72.596c9.997-9.997 26.207-9.997 36.204 0l36.203 36.204c9.997 9.997 9.997 26.206 0 36.204l-294.4 294.401c-9.998 9.997-26.207 9.997-36.204-.001z\"><\/path><\/svg>\t\t\t\t\t\t<\/span>\n\t\t\t\t\t\t\t\t\t\t<span class=\"elementor-icon-list-text\">Praticienne Insights Discovery\u00ae - Insights Discovery\u00ae (2019)<\/span>\n\t\t\t\t\t\t\t\t\t<\/li>\n\t\t\t\t\t\t\t\t<li class=\"elementor-icon-list-item\">\n\t\t\t\t\t\t\t\t\t\t\t<span class=\"elementor-icon-list-icon\">\n\t\t\t\t\t\t\t<svg aria-hidden=\"true\" class=\"e-font-icon-svg e-fas-check\" viewBox=\"0 0 512 512\" xmlns=\"http:\/\/www.w3.org\/2000\/svg\"><path d=\"M173.898 439.404l-166.4-166.4c-9.997-9.997-9.997-26.206 0-36.204l36.203-36.204c9.997-9.998 26.207-9.998 36.204 0L192 312.69 432.095 72.596c9.997-9.997 26.207-9.997 36.204 0l36.203 36.204c9.997 9.997 9.997 26.206 0 36.204l-294.4 294.401c-9.998 9.997-26.207 9.997-36.204-.001z\"><\/path><\/svg>\t\t\t\t\t\t<\/span>\n\t\t\t\t\t\t\t\t\t\t<span class=\"elementor-icon-list-text\">CNV - CNV Belgique (2017)<\/span>\n\t\t\t\t\t\t\t\t\t<\/li>\n\t\t\t\t\t\t\t\t<li class=\"elementor-icon-list-item\">\n\t\t\t\t\t\t\t\t\t\t\t<span class=\"elementor-icon-list-icon\">\n\t\t\t\t\t\t\t<svg aria-hidden=\"true\" class=\"e-font-icon-svg e-fas-check\" viewBox=\"0 0 512 512\" xmlns=\"http:\/\/www.w3.org\/2000\/svg\"><path d=\"M173.898 439.404l-166.4-166.4c-9.997-9.997-9.997-26.206 0-36.204l36.203-36.204c9.997-9.998 26.207-9.998 36.204 0L192 312.69 432.095 72.596c9.997-9.997 26.207-9.997 36.204 0l36.203 36.204c9.997 9.997 9.997 26.206 0 36.204l-294.4 294.401c-9.998 9.997-26.207 9.997-36.204-.001z\"><\/path><\/svg>\t\t\t\t\t\t<\/span>\n\t\t\t\t\t\t\t\t\t\t<span class=\"elementor-icon-list-text\">Master + agr\u00e9gation + DEC compl\u00e9mentaire - UCL  (1997-2003)<\/span>\n\t\t\t\t\t\t\t\t\t<\/li>\n\t\t\t\t\t\t\t\t<li class=\"elementor-icon-list-item\">\n\t\t\t\t\t\t\t\t\t\t\t<span class=\"elementor-icon-list-icon\">\n\t\t\t\t\t\t\t<svg aria-hidden=\"true\" class=\"e-font-icon-svg e-fas-check\" viewBox=\"0 0 512 512\" xmlns=\"http:\/\/www.w3.org\/2000\/svg\"><path d=\"M173.898 439.404l-166.4-166.4c-9.997-9.997-9.997-26.206 0-36.204l36.203-36.204c9.997-9.998 26.207-9.998 36.204 0L192 312.69 432.095 72.596c9.997-9.997 26.207-9.997 36.204 0l36.203 36.204c9.997 9.997 9.997 26.206 0 36.204l-294.4 294.401c-9.998 9.997-26.207 9.997-36.204-.001z\"><\/path><\/svg>\t\t\t\t\t\t<\/span>\n\t\t\t\t\t\t\t\t\t\t<span class=\"elementor-icon-list-text\">20 ans d'exp\u00e9rience vari\u00e9e RH, principalement dans les organisations publiques f\u00e9d\u00e9rales (2003 - ...)<\/span>\n\t\t\t\t\t\t\t\t\t<\/li>\n\t\t\t\t\t\t<\/ul>\n\t\t\t\t\t\t<\/div>\n\t\t\t\t<\/div>\n\t\t\t\t<\/div>\n\t\t\t\t\t<\/div>\n\t\t\t\t<\/div>\n\t\t<div class=\"elementor-element elementor-element-5ba9254 e-con-full e-flex e-con e-parent\" data-id=\"5ba9254\" data-element_type=\"container\" data-e-type=\"container\" data-settings=\"{&quot;background_background&quot;:&quot;classic&quot;}\">\n\t\t<div class=\"elementor-element elementor-element-5b80685 e-con-full e-flex e-con e-child\" data-id=\"5b80685\" data-element_type=\"container\" data-e-type=\"container\">\n\t\t<div class=\"elementor-element elementor-element-b193556 e-con-full e-flex e-con e-child\" data-id=\"b193556\" data-element_type=\"container\" data-e-type=\"container\">\n\t\t\t\t<div class=\"elementor-element elementor-element-086ebbc elementor-widget__width-initial elementor-widget elementor-widget-image\" data-id=\"086ebbc\" data-element_type=\"widget\" data-e-type=\"widget\" data-widget_type=\"image.default\">\n\t\t\t\t<div class=\"elementor-widget-container\">\n\t\t\t\t\t\t\t\t\t\t\t\t\t\t\t<img decoding=\"async\" width=\"574\" height=\"571\" src=\"https:\/\/ann-lmt.com\/wp-content\/uploads\/2025\/02\/IMG_4769.webp\" class=\"attachment-large size-large wp-image-5299\" alt=\"\" srcset=\"https:\/\/ann-lmt.com\/wp-content\/uploads\/2025\/02\/IMG_4769.webp 574w, https:\/\/ann-lmt.com\/wp-content\/uploads\/2025\/02\/IMG_4769-300x298.webp 300w, https:\/\/ann-lmt.com\/wp-content\/uploads\/2025\/02\/IMG_4769-150x150.webp 150w\" sizes=\"(max-width: 574px) 100vw, 574px\" \/>\t\t\t\t\t\t\t\t\t\t\t\t\t\t\t<\/div>\n\t\t\t\t<\/div>\n\t\t\t\t<\/div>\n\t\t\t\t<\/div>\n\t\t<div class=\"elementor-element elementor-element-9733185 e-con-full e-flex e-con e-child\" data-id=\"9733185\" data-element_type=\"container\" data-e-type=\"container\">\n\t\t\t\t<div class=\"elementor-element elementor-element-b02b925 elementor-widget elementor-widget-text-editor\" data-id=\"b02b925\" data-element_type=\"widget\" data-e-type=\"widget\" data-widget_type=\"text-editor.default\">\n\t\t\t\t<div class=\"elementor-widget-container\">\n\t\t\t\t\t\t\t\t\t<p>2025 &#8211; ann-lmt.com &#8211; Mentor &amp; coach<\/p>\t\t\t\t\t\t\t\t<\/div>\n\t\t\t\t<\/div>\n\t\t\t\t<div class=\"elementor-element elementor-element-90ae576 elementor-widget elementor-widget-text-editor\" data-id=\"90ae576\" data-element_type=\"widget\" data-e-type=\"widget\" data-widget_type=\"text-editor.default\">\n\t\t\t\t<div class=\"elementor-widget-container\">\n\t\t\t\t\t\t\t\t\t<p>Mentorat &amp; coaching en gestion du changement<\/p>\t\t\t\t\t\t\t\t<\/div>\n\t\t\t\t<\/div>\n\t\t\t\t<\/div>\n\t\t<div class=\"elementor-element elementor-element-55adbae e-con-full e-flex e-con e-child\" data-id=\"55adbae\" data-element_type=\"container\" data-e-type=\"container\">\n\t\t\t\t<div class=\"elementor-element elementor-element-69ff9d5 elementor-widget elementor-widget-text-editor\" data-id=\"69ff9d5\" data-element_type=\"widget\" data-e-type=\"widget\" data-widget_type=\"text-editor.default\">\n\t\t\t\t<div class=\"elementor-widget-container\">\n\t\t\t\t\t\t\t\t\t<p>ann.lambotte@gmail.com<\/p>\t\t\t\t\t\t\t\t<\/div>\n\t\t\t\t<\/div>\n\t\t\t\t<div class=\"elementor-element elementor-element-ca6f57e elementor-widget elementor-widget-image\" data-id=\"ca6f57e\" data-element_type=\"widget\" data-e-type=\"widget\" data-widget_type=\"image.default\">\n\t\t\t\t<div class=\"elementor-widget-container\">\n\t\t\t\t\t\t\t\t\t\t\t\t\t\t\t<img decoding=\"async\" width=\"1024\" height=\"228\" src=\"https:\/\/ann-lmt.com\/wp-content\/uploads\/2025\/02\/IMG_4738-1024x228.png\" class=\"attachment-large size-large wp-image-5048\" alt=\"\" srcset=\"https:\/\/ann-lmt.com\/wp-content\/uploads\/2025\/02\/IMG_4738-1024x228.png 1024w, https:\/\/ann-lmt.com\/wp-content\/uploads\/2025\/02\/IMG_4738-300x67.png 300w, https:\/\/ann-lmt.com\/wp-content\/uploads\/2025\/02\/IMG_4738-768x171.png 768w, https:\/\/ann-lmt.com\/wp-content\/uploads\/2025\/02\/IMG_4738-1536x342.png 1536w, https:\/\/ann-lmt.com\/wp-content\/uploads\/2025\/02\/IMG_4738-2048x457.png 2048w, https:\/\/ann-lmt.com\/wp-content\/uploads\/2025\/02\/IMG_4738-1200x267.png 1200w\" sizes=\"(max-width: 1024px) 100vw, 1024px\" \/>\t\t\t\t\t\t\t\t\t\t\t\t\t\t\t<\/div>\n\t\t\t\t<\/div>\n\t\t\t\t<\/div>\n\t\t\t\t<\/div>\n\t\t\t\t<\/div>\n\t\t","protected":false},"excerpt":{"rendered":"<p>A propos Quelques mots sur moi&#8230; Apr\u00e8s des \u00e9tudes de lettres, une agr\u00e9gation et un second cycle universitaire en sciences du travail, je dois bien avouer que je n\u2019avais aucune id\u00e9e de ce que je voulais faire de ma vie. Cependant, assez rapidement, et un peu par hasard, mes candidatures spontan\u00e9es m\u2019ont conduites \u00e0 d\u00e9crocher [&hellip;]<\/p>\n","protected":false},"author":1,"featured_media":0,"parent":0,"menu_order":0,"comment_status":"closed","ping_status":"closed","template":"page-elementor.php","meta":{"footnotes":""},"class_list":["post-431","page","type-page","status-publish","hentry"],"_links":{"self":[{"href":"https:\/\/ann-lmt.com\/index.php?rest_route=\/wp\/v2\/pages\/431","targetHints":{"allow":["GET"]}}],"collection":[{"href":"https:\/\/ann-lmt.com\/index.php?rest_route=\/wp\/v2\/pages"}],"about":[{"href":"https:\/\/ann-lmt.com\/index.php?rest_route=\/wp\/v2\/types\/page"}],"author":[{"embeddable":true,"href":"https:\/\/ann-lmt.com\/index.php?rest_route=\/wp\/v2\/users\/1"}],"replies":[{"embeddable":true,"href":"https:\/\/ann-lmt.com\/index.php?rest_route=%2Fwp%2Fv2%2Fcomments&post=431"}],"version-history":[{"count":202,"href":"https:\/\/ann-lmt.com\/index.php?rest_route=\/wp\/v2\/pages\/431\/revisions"}],"predecessor-version":[{"id":5357,"href":"https:\/\/ann-lmt.com\/index.php?rest_route=\/wp\/v2\/pages\/431\/revisions\/5357"}],"wp:attachment":[{"href":"https:\/\/ann-lmt.com\/index.php?rest_route=%2Fwp%2Fv2%2Fmedia&parent=431"}],"curies":[{"name":"wp","href":"https:\/\/api.w.org\/{rel}","templated":true}]}}